Suppose 0 = 5*b - 36 - d. What are the prime factors of b?
2
Let m be (-32)/(-5)*(-1 + -4). Let r = 59 + m. What are the prime factors of 183/27 - (-6)/r?
7
Suppose 0 = 2*z + z. Let b(a) = a + z*a + 6*a - 3*a. What are the prime factors of b(4)?
2
Let z = 62 + -41. What are the prime factors of z?
3, 7
Let b(y) = -y**2 + 16*y - 4. Let l = 30 - 16. What are the prime factors of b(l)?
2, 3
Let x = -2 - -2. Let t be 1*(x + (-81)/(-1)). What are the prime factors of (-6)/15 + t/15?
5
Let a(o) = 2*o + 1. Let t(z) = -7*z - 3. Let m(u) = -22*a(u) - 6*t(u). What are the prime factors of m(-7)?
2, 5
Suppose 2*z - 5*p - 214 = 0, -4*z + 0*p + 384 = p. List the prime factors of z.
97
Suppose -4*h + 14 = -14. List the prime factors of h.
7
Suppose -3*b + 0*t = -t - 2, -6 = b - 2*t. Suppose u - 5*f = -13, 31 = -4*u - b*f + f. Let d(i) = i**3 + 7*i**2 - 8*i + 11. What are the prime factors of d(u)?
11
Let g be 4/6 - 2/(-6). Let w(i) = 3 + 5 + i**2 + g - 7*i. What are the prime factors of w(6)?
3
Let m = 648 - 347. List the prime factors of m.
7, 43
Suppose 0 = 4*d - 21 + 5. Suppose -d = 2*w, 3*z + 16 = 3*w + 49. List the prime factors of z.
3
Let n(u) = -u**3 - 9*u**2 - 11*u - 12. Let l = 0 - -3. Suppose i + 5*k - 3*k + 14 = 0, -5*k = -l*i - 9. List the prime factors of n(i).
2, 3
Let m(d) = 16*d + 3. Suppose 2*j = -0*j + 12. Let k(c) = -5*c - 1. Let q(i) = j*m(i) + 17*k(i). List the prime factors of q(1).
2, 3
Let b = 0 + 5. Suppose b*q + 4 = 24. Suppose -4*r + 3*r - 5 = -3*h, 3*r = -q*h + 11. What are the prime factors of h?
2
Suppose 3*o - 2*d - 17 = 119, 3*d = o - 43. List the prime factors of o.
2, 23
List the prime factors of (0 - -105) + 0/(-2).
3, 5, 7
Suppose 2*k - 5*k = 0, 0 = -5*u - k + 15. Suppose 0 = u*m + 5 - 14. List the prime factors of m.
3
Suppose 0 = 3*r - 4 + 1. List the prime factors of -3 + (r - (1 + -22)).
19
Let l(x) = -x**2 - x + 3. Let y be l(0). Suppose 4*w - 8 = k, 4*w - 23 = -2*k - y. List the prime factors of k.
2
Let p(a) be the second derivative of a**5/20 + a**4/3 - a**3 - a**2 - 2*a. Let h be p(-5). Suppose h*z - 2 = 19. List the prime factors of z.
7
Let a = 65 + -28. Let p = a - 13. List the prime factors of p.
2, 3
Let x = -30 + 58. Suppose -5*s - x = -4*s. Let t = s + 39. List the prime factors of t.
11
Let u = 4 + 10. Let n = 28 - u. List the prime factors of n.
2, 7
Suppose -16*u + 582 = -14*u. List the prime factors of u.
3, 97
Suppose -3 = -2*g + 1. Suppose g*a + 2*z - 9 = 13, a - 5*z - 41 = 0. What are the prime factors of a?
2
Let g(a) = a**3 + 3*a**2 + a - 2. Let r be g(-2). Let t(x) = -x**2 + 7. List the prime factors of t(r).
7
Let t = 1 - -3. Suppose 5*s + 3*g = 2*g + 1, t*g - 4 = 4*s. What are the prime factors of (-10)/(s - (-1)/(-1))?
2, 5
Suppose -3*o - 75 = 3*q, -23 = q - o - 6. Let j = 0 - q. What are the prime factors of j?
3, 7
Suppose 3*b + x + 15 = 0, -3*b + x - 21 = -0*x. What are the prime factors of (-1)/(-3) + (-130)/b?
2, 11
Suppose 0 = -2*f + 107 + 53. Suppose -20 = -5*t + f. List the prime factors of t.
2, 5
Let w(q) = 3*q**2 + 2*q - 1. Let d be w(3). Suppose 3*f + 5*h - d = -f, -5*f + 40 = -3*h. List the prime factors of f.
2
Let l be (3 + -7)/(-2 + 1). Suppose -z + 3*x + 39 = 7*x, 0 = -5*z + l*x + 75. What are the prime factors of z?
19
Let v(d) = -3*d - 2. Let g = 7 + -11. List the prime factors of v(g).
2, 5
Suppose -3*y - 9 = -2*h, 25 = 3*h + y + 6. Suppose -h*f - 2 = -4*f. Let u = f - -8. What are the prime factors of u?
7
What are the prime factors of (-154)/(-11)*(-3)/((-6)/23)?
7, 23
Let x(a) = -5*a + 5. Let h be x(4). Let l be ((-28)/(-6))/((-5)/h). Suppose k - 2*d + 6*d = -8, -5*k - 2*d + l = 0. What are the prime factors of k?
2
Let f = -20 + 36. Let z be 3 - -4*(-4)/16. Suppose 0*g = -z*g + f. List the prime factors of g.
2
List the prime factors of (-92)/((-70)/15 + 4).
2, 3, 23
Suppose 3*k = 4*v - 8, 0 = -v + 4*k - 16 + 5. Suppose 35 = v*q + 5. Let h = q + 9. List the prime factors of h.
3, 5
Suppose 0 = 3*l + 3*g - 78 + 21, -45 = -2*l + 5*g. Suppose 0 = -b - 5*t + l, b + t = 8 + 4. What are the prime factors of b?
2, 5
Suppose 5*o - 121 = -4*b, -b + 86 = 2*b - o. Let l = b + -20. List the prime factors of l.
3
Let m(b) = 3*b - 5*b - b + 2*b - 4 + b**2. What are the prime factors of m(-3)?
2
Let n = 2 + -10. Let q = 18 + n. What are the prime factors of q?
2, 5
Let w be (-2 - (1 + -2)) + 12. Let m = w + -7. List the prime factors of m.
2
Let b = 51 - 9. List the prime factors of b.
2, 3, 7
Let r = 15 + -11. Suppose 5*n + 2*s - r*s = -30, 2*s = -n + 6. What are the prime factors of (-10)/n*2 + 1?
2, 3
Let g = -371 + 689. List the prime factors of g.
2, 3, 53
Let k(x) = x**3 - 7*x**2 - 2*x - 10. List the prime factors of k(8).
2, 19
Let l(x) = 2*x + 9. Let i be l(-6). Let j(r) = r**2 - 3*r + 1 + 3*r - r + 3*r. What are the prime factors of j(i)?
2
Let a be 4/6*(-3)/1. Let m(w) = -3*w**2 + 3*w + 2. Let y(k) = -k**2 + k. Let v(i) = m(i) - 4*y(i). List the prime factors of v(a).
2
Let t = 76 + 38. List the prime factors of t.
2, 3, 19
Suppose 0 = -3*a + 2*a. Let w = a - -30. What are the prime factors of w?
2, 3, 5
Suppose -4*x + 14 + 18 = 0. Suppose 2*p = p + x. List the prime factors of p.
2
Let f(p) = -4*p - 7. Let a be f(11). Suppose -2*n - 20 = -7*n. What are the prime factors of (a/6)/((-2)/n)?
17
Let r(a) = a**2 - a + 3. What are the prime factors of r(3)?
3
Let a be 4 + (0 + 1)/1. Suppose a*o - 3*l + 2*l - 2 = 0, -5 = -2*o - l. List the prime factors of o - 0 - 1*-11.
2, 3
Let u be (-8)/20*5*-3. Suppose 0 = f - 20 + u. List the prime factors of f.
2, 7
List the prime factors of (-1)/(5/690*-3).
2, 23
Suppose 5*a = -4*l - 22, 0 = -l + 3*l - 5*a - 4. Let k(g) = -g**3 - 2*g**2 + 4. Let z be k(l). Suppose -2*r - z = -3*r. List the prime factors of r.
13
Let a = 73 + -121. What are the prime factors of a/(0 - 3) - 2?
2, 7
Let d(n) = n**3 + 9*n**2 - 4*n - 4. What are the prime factors of d(-4)?
2, 23
Let m = -4 + 24. List the prime factors of ((-2)/(-4))/(5/m).
2
Suppose -2*z = -4*z + 108. What are the prime factors of z?
2, 3
Let o(c) be the third derivative of c**5/60 + c**4/12 + c**3/6 - 3*c**2. What are the prime factors of o(-5)?
2
Let u = 9 - 3. Suppose 4*t = 6 + u. Suppose -2*f + 7*f = -5*j + 35, -t*f + 11 = -2*j. List the prime factors of f.
5
Suppose -8*k - 2*c + 7 = -3*k, 4*c + 7 = -3*k. Let z be 2/8 - 2/8. Let l = z + k. List the prime factors of l.
3
Let j = -11 - 45. Let t = j - -93. List the prime factors of t.
37
Suppose 1205 - 245 = 6*h. List the prime factors of h.
2, 5
Let a(g) = -2*g. Let u = 10 - 14. List the prime factors of a(u).
2
Let v(r) = r**3 + 7*r**2 - r + 2. Let y be v(-6). Suppose 2*h = o + y, 0*o - 22 = -h - 3*o. Let b = -11 + h. List the prime factors of b.
11
Let p = 5 + -2. Let z be -12 + (-3 + p)/1. List the prime factors of 20/6*z/(-5).
2
Let z(x) = -x**2 + 11*x + 5. List the prime factors of z(5).
5, 7
Let s(a) = -14*a. What are the prime factors of s(-2)?
2, 7
Suppose -4*k + 4*p - 172 = 0, 0 = 3*k - 5*p + 113 + 14. Let o = 68 + k. List the prime factors of o.
2, 3
Suppose 3*k + 9 = 2*m, k - 1 - 10 = -4*m. Suppose -2*f + 15 = 1. Suppose -f*n + m*n = -48. What are the prime factors of n?
2, 3
Let s = 39 - -7. List the prime factors of s.
2, 23
Let t be (8/12)/((-2)/(-12)). Suppose t*m - 79 = -19. What are the prime factors of m?
3, 5
Suppose -2*i + d + 6 = 0, -i + d + 2 = -0*d. List the prime factors of -1 + 15 + (1 - i).
11
Let w(u) = -6*u + 3*u**2 - 2 - 3*u**2 - 4*u**2 + 3*u**2. What are the prime factors of w(-4)?
2, 3
Suppose 3*k - 200 = -o, 2*k - 7*k + o = -344. List the prime factors of k.
2, 17
Let d = 5 - 3. Suppose c = d*c. Suppose m - 12 = -c*m. What are the prime factors of m?
2, 3
Let l = 12 - 8. Suppose 5*g = -2*v + l*g + 14, -v = 5*g - 25. Suppose 0 = v*c + 3*y + y - 42, -2*y - 6 = -2*c. List the prime factors of c.
2, 3
Suppose -4*f + 28 = h, -3*h - 23 = -4*f + 5. What are the prime factors of f?
7
Let g(z) = 3*z + 3. Let w(i) = -21*i - 21. Let p(l) = -27*g(l) - 4*w(l). What are the prime factors of p(3)?
2, 3
Let l be (3 - 1)/(6/60). Suppose 0 = 7*y - 2*y - l. Suppose 38 = 4*o - 0*s - 2*s, 0 = 2*o + y*s - 24. List the prime factors of o.
2, 5
Let z(u) = u**3 - 15*u**2 + 3*u - 19. Let d be z(15). Suppose l + l = d. List the pri